f 14376952?
2
What is the ten millions digit of 1490323482?
9
What is the hundred millions digit of 2077849181?
0
What is the ten millions digit of 40224141?
4
What is the units digit of 699492188?
8
What is the units digit of 87804508?
8
What is the ten millions digit of 458625653?
5
What is the ten millions digit of 31078202?
3
What is the thousands digit of 336434566?
4
What is the millions digit of 500721808?
0
What is the ten millions digit of 32748287?
3
What is the ten millions digit of 27973001?
2
What is the hundred millions digit of 151074096?
1
What is the thousands digit of 99272734?
2
What is the hundred thousands digit of 80089256?
0
What is the hundreds digit of 254214867?
8
What is the millions digit of 2996335180?
6
What is the ten thousands digit of 2268914648?
1
What is the hundred thousands digit of 105499524?
4
What is the thousands digit of 1799573670?
3
What is the millions digit of 2490625?
2
What is the hundred thousands digit of 172844239?
8
What is the millions digit of 3020039?
3
What is the millions digit of 81746449?
1
What is the thousands digit of 53406867?
6
What is the hundred thousands digit of 11499883?
4
What is the billions digit of 1367185213?
1
What is the ten thousands digit of 320914336?
1
What is the millions digit of 2413760633?
3
What is the thousands digit of 977625943?
5
What is the millions digit of 2377597899?
7
What is the ten millions digit of 4001383152?
0
What is the tens digit of 2657552910?
1
What is the hundred thousands digit of 1720085245?
0
What is the hundred thousands digit of 2019166647?
1
What is the hundred thousands digit of 197499977?
4
What is the ten millions digit of 120262484?
2
What is the ten millions digit of 655662096?
5
What is the tens digit of 224440432?
3
What is the millions digit of 4301792?
4
What is the hundreds digit of 83808360?
3
What is the hundred thousands digit of 20436248?
4
What is the hundred thousands digit of 587998476?
9
What is the hundreds digit of 137811284?
2
What is the millions digit of 5701473?
5
What is the ten millions digit of 34213198?
3
What is the ten millions digit of 1139027481?
3
What is the hundred thousands digit of 29642774?
6
What is the hundred thousands digit of 1278049388?
0
What is the hundreds digit of 182931568?
5
What is the thousands digit of 40978741?
8
What is the hundred thousands digit of 36251216?
2
What is the ten thousands digit of 54192374?
9
What is the tens digit of 4240834761?
6
What is the ten millions digit of 62695952?
6
What is the thousands digit of 136978498?
8
What is the thousands digit of 213285578?
5
What is the ten millions digit of 884655520?
8
What is the tens digit of 121976559?
5
What is the ten millions digit of 3955449662?
5
What is the ten millions digit of 126031937?
2
What is the ten thousands digit of 10478243?
7
What is the tens digit of 207442354?
5
What is the hundred thousands digit of 57736962?
7
What is the hundred millions digit of 242605656?
2
What is the hundreds digit of 25286034?
0
What is the thousands digit of 294102163?
2
What is the thousands digit of 8470260182?
0
What is the ten millions digit of 49260922?
4
What is the hundred millions digit of 699198999?
6
What is the thousands digit of 1889553657?
3
What is the tens digit of 14310454?
5
What is the hundreds digit of 49719106?
1
What is the ten millions digit of 14200177?
1
What is the tens digit of 343827167?
6
What is the hundreds digit of 70024245?
2
What is the hundred millions digit of 491681886?
4
What is the millions digit of 35326236?
5
What is the ten thousands digit of 19928644?
2
What is the tens digit of 250402261?
6
What is the hundred thousands digit of 54989334?
9
What is the thousands digit of 65532846?
2
What is the units digit of 64143740?
0
What is the thousands digit of 282006525?
6
What is the units digit of 112634228?
8
What is the hundreds digit of 172699769?
7
What is the tens digit of 986080815?
1
What is the hundred thousands digit of 175135538?
1
What is the millions digit of 135351259?
5
What is the ten thousands digit of 200805781?
0
What is the millions digit of 44266673?
4
What is the ten millions digit of 171387316?
7
What is the thousands digit of 332656788?
6
What is the hundreds digit of 458131018?
0
What is the hundreds digit of 86972444?
4
What is the units digit of 3585286780?
0
What is the millions digit of 2714672?
2
What is the hundreds digit of 140832510?
5
What is the ten millions digit of 673624296?
7
What is the hundred thousands digit of 477586149?
5
What is the ten millions digit of 506642486?
0
What is the hundreds digit of 403898397?
3
What is the hundred thousands digit of 4132885918?
8
What is the hundred millions digit of 215882351?
2
What is the tens digit of 173241213?
1
What is the tens digit of 97271098?
9
What is the hundred thousands digit of 2156255760?
2
What is the ten thousands digit of 54439592?
3
What is the ten millions digit of 5222340350?
2
What is the tens digit of 36946064?
6
What is the millions digit of 14513425?
4
What is the millions digit of 19885435?
9
What is the ten millions digit of 674207867?
7
What is the hundred thousands digit of 92347345?
3
What is the thousands digit of 596587276?
7
What is the ten thousands digit of 8815033?
1
What is the hundred thousands digit of 87821999?
8
What is the thousands digit of 1546958737?
8
What is the thousands digit of 2353745415?
5
What is the tens digit of 41717449?
4
What is the hundreds digit of 186989725?
7
What is the hundred thousands digit of 22738385?
7
What is the ten thousands digit of 65890036?
9
What is the hundreds digit of 138369067?
0
What is the ten millions digit of 289189520?
8
What is the hundreds digit of 1122343150?
1
What is the hundred thousands digit of 79456740?
4
What is the ten thousands digit of 2906944377?
4
What is the ten thousands digit of 36836747?
3
What is the hundred millions digit of 3228704986?
2
What is the ten thousands digit of 67488007?
8
What is the hundred thousands digit of 3227737660?
7
What is the hundred thousands digit of 51240396?
2
What is the ten millions digit of 3668507011?
6
What is the hundred thousands digit of 183872371?
8
What is the ten millions digit of 94521310?
9
What is the ten millions digit of 2853126010?
5
What is the ten thousands digit of 703220683?
2
What is the hundreds digit of 3894866304?
3
What is the hundred millions digit of 4000556120?
0
What is the hundreds digit of 17710907?
9
What is the hundred thousands digit of 130148085?
1
What is the units digit of 497915992?
2
What is the ten millions digit of 1100783359?
0
What is the hundred thousands digit of 42106423?
1
What is the ten millions digit of 66549282?
6
What is the ten millions digit of 164607569?
6
What is the hundred thousands digit of 2418115886?
1
What is the ten thousands digit of 257614063?
1
What is the units digit of 281121401?
1
What is the tens digit of 29101923?
2
What is the ten millions digit of 35326517?
3
What is the hundred thousands digit of 5149730369?
7
What is the hundred thousands digit of 1978689673?
6
What is the tens digit of 13973376?
7
What is the ten thousands digit of 1431233133?
3
What is the tens digit of 463411?
1
What is the hundreds digit of 137377947?
9
What is the ten millions digit of 914925192?
1
What is the millions digit of 3710202?
3
What is the ten thousands digit of 6393928234?
2
What is the units digit of 85973396?
6
What is the thousands digit of 448899755?
9
What is the hundreds digit of 860523893?
8
What is the hundred thousands digit of 36176946?
1
What is the ten thousands digit of 1862392494?
9
What is the thousands digit of 96951267?
1
What is the hundreds digit of 206066978?
9
What is the thousands digit of 920620571?
0
What is the hundred thousands digit of 672067477?
0
What is the ten millions digit of 878864166?
7
What is the tens digit of 755261340?
4
What is the billions digit of 4945531865?
4
What is the hundreds digit of 150318745?
7
What is the units digit of 31889037?
7
What is the millions digit of 45022297?
5
What is the ten millions digit of 14293008?
1
What is the millions digit of 6568183171?
8
What is the thousands digit of 37875178?
5
What is the hundred thousands digit of 599666360?
6
What is the mill